).
-30
Let t(r) = -r**3 + 49*r**2 + 43*r - 43. What is t(50)?
-393
Let l(y) = -y**3 + 17*y**2 - 53*y - 7. Calculate l(13).
-20
Let q(d) = 2*d**3 - 142*d**2 + 138*d + 126. Calculate q(70).
-14
Let o(j) = -30*j + 2615. What is o(92)?
-145
Let p(a) = -4*a - 82. What is p(-23)?
10
Let s(g) = 2*g**2 - 2*g - 3124. Calculate s(40).
-4
Let n(k) = -47*k + 138. Determine n(3).
-3
Let o(b) = -b**2 + 6*b + 60029. Calculate o(248).
13
Let f(m) = -35*m**2 - 82*m - 81. Calculate f(-1).
-34
Let q(g) = -2*g**2 - 704*g - 16960. Determine q(-26).
-8
Let p(n) = -328*n**3 - 5*n**2 - 7*n. What is p(-1)?
330
Let f(y) = -y**3 - 16*y**2 - 51*y - 15. Calculate f(-8).
-119
Let l(g) = -2*g**2 - 95*g - 314. Determine l(-44).
-6
Let p(i) = 12*i**2 + 54*i + 41. Determine p(-1).
-1
Let s(a) = 316*a + 36021. Calculate s(-114).
-3
Let j(i) = i**3 + 7*i**2 - 15*i - 9. Calculate j(-8).
47
Let k(q) = 14546*q - 43641. Determine k(3).
-3
Let y(s) = 9*s**2 - 91*s + 23. Calculate y(10).
13
Let f(j) = -4*j**2 - 14*j + 26. Determine f(-7).
-72
Let p(j) = -31*j + 133. Determine p(0).
133
Let d(a) = -2*a**2 + 303*a - 1022. Determine d(148).
14
Let c(d) = -108*d - 1195. Give c(-11).
-7
Let y(f) = -f**3 - 35*f**2 + 11*f + 89. Calculate y(-35).
-296
Let k(m) = 2*m**3 + 6*m**2 - 15*m + 25. Calculate k(-5).
0
Let b(f) = 616*f + 5587. Calculate b(-9).
43
Let m(l) = -47*l + 381. Give m(8).
5
Let l(d) = 20*d + 54. Calculate l(3).
114
Let v(f) = -f**3 + 16*f**2 + 77*f - 69. What is v(20)?
-129
Let y(p) = -750*p + 3589. What is y(5)?
-161
Let r(i) = -i**2 - 472*i + 3345. Calculate r(7).
-8
Let b(r) = r**2 - 2*r + 11. Determine b(12).
131
Let c(z) = z**3 - 16*z**2 - 76*z - 3. Calculate c(-8).
-931
Let b(f) = f**3 - 24*f**2 + 77*f - 233. Calculate b(21).
61
Let v(a) = -14*a**3 + 5*a**2 - 9*a - 5. What is v(2)?
-115
Let z(o) = o**3 + 10*o**2 - 180*o - 64. What is z(-19)?
107
Let m(r) = r**3 - 19*r**2 + 48*r + 30. Give m(4).
-18
Let f(s) = -2*s**2 - 56*s - 272. Give f(-8).
48
Let h(b) = 11*b**2 + 219*b + 357. Give h(-18).
-21
Let b(g) = 7*g**2 - 452*g + 2128. What is b(5)?
43
Let l(g) = g**3 - 18*g**2 + 13*g - 257. Determine l(18).
-23
Let b(u) = u**3 + 39*u**2 - 123*u + 151. Calculate b(-42).
25
Let d(t) = -t**3 + 106*t**2 + 790*t + 108. What is d(113)?
-5
Let z(i) = 775*i - 3067. Calculate z(4).
33
Let q(u) = u**2 + 152*u + 3845. What is q(-120)?
5
Let g(t) = -3*t**2 - 50*t - 250. What is g(-6)?
-58
Let z(l) = 11*l**3 - l**2 - 7*l. Calculate z(-2).
-78
Let g(t) = -2*t**3 - 23*t**2 - 6*t. Calculate g(-9).
-351
Let s(n) = -n**3 - 4*n**2 + 31*n + 40. What is s(5)?
-30
Let r(b) = 43*b - 14. Give r(0).
-14
Let s(z) = -4*z**2 + 171*z + 2100. Determine s(-10).
-10
Let z(w) = -w**3 + 42*w**2 - w + 16. Give z(42).
-26
Let p(u) = -u**2 + 37*u + 71. Determine p(33).
203
Let v(r) = -7*r**2 - r + 323. Determine v(0).
323
Let z(x) = -28*x + 242. Determine z(12).
-94
Let u(v) = 28*v**2 - 611*v - 750. Give u(23).
9
Let r(k) = k**3 + k**2 - 129*k - 126. Calculate r(11).
-93
Let t(s) = -s**2 - 43*s + 603. Calculate t(-54).
9
Let k(j) = -3*j**3 - 101*j**2 + 43*j + 366. What is k(-34)?
60
Let c(l) = -l**3 - 3*l**2 + 72*l + 55. Calculate c(-9).
-107
Let c(l) = l**3 - 27*l**2 + 54*l - 85. Determine c(25).
15
Let t(s) = -s**3 + 5*s**2 + 659*s + 1073. Calculate t(29).
0
Let t(c) = -c**3 - 26*c**2 - 27*c - 16. Give t(-25).
34
Let k(t) = t**3 + 39*t**2 - 73*t + 357. Give k(-41).
-12
Let j(s) = -177*s**2 + 1234*s + 24. Calculate j(7).
-11
Let z(k) = 88*k - 2250. Give z(26).
38
Let d(f) = 2*f**2 - f - 287. Calculate d(-12).
13
Let t(u) = 3*u**3 + 3*u**2 - 5*u + 1. What is t(3)?
94
Let f(j) = j**2 - 47*j - 773. Calculate f(60).
7
Let m(f) = f**3 + 139*f**2 + 666*f - 538. Give m(-134).
-2
Let y(o) = 2*o + 6. Determine y(34).
74
Let r(w) = -103*w - 52. Calculate r(-3).
257
Let v(m) = -m**3 - 6*m**2 + 155*m + 793. Calculate v(-5).
-7
Let k(r) = -32*r + 178. Determine k(0).
178
Let q(k) = 9*k**3 + 2*k**2 + 11*k - 31. Give q(2).
71
Let j(o) = -137*o**2 - 154*o + 1. Determine j(-1).
18
Let h(y) = y**3 + 117*y**2 - 102*y + 1828. Determine h(-118).
-60
Let q(o) = -o**3 + 11*o**2 + 50*o - 323. Determine q(13).
-11
Let y(p) = p**3 - 42*p**2 + 58*p - 657. Give y(41).
40
Let p(g) = g**3 + 3*g**2 - 23*g + 96. Calculate p(6).
282
Let z(q) = -674*q + 2008. Determine z(3).
-14
Let n(p) = 147*p - 3237. What is n(22)?
-3
Let b(w) = -4*w**2 + 59*w - 1. What is b(0)?
-1
Let g(y) = -36*y**2 + 314*y + 65. Determine g(9).
-25
Let m(a) = 114*a + 1251. Determine m(-11).
-3
Let b(z) = 215*z - 1803. Determine b(9).
132
Let j(t) = 7*t**3 - 25*t**2 + 11*t - 36. What is j(4)?
56
Let j(d) = 565*d - 1679. Calculate j(3).
16
Let j(h) = h**2 + 10*h - 298. Give j(23).
461
Let r(b) = -b**3 - 2*b**2 + 59*b - 7. Calculate r(7).
-35
Let i(u) = u**2 + 373*u - 9537. What is i(24)?
-9
Let t(r) = r**3 - 82*r**2 + 525*r - 6. Give t(7).
-6
Let i(u) = 2*u**3 + 7*u**2 + u - 9. Determine i(-6).
-195
Let x(y) = y**2 + 3*y - 29. Calculate x(5).
11
Let g(s) = 20*s + 299. Calculate g(-15).
-1
Let m(i) = -i**3 - 14*i**2 - 18*i + 24. Give m(-10).
-196
Let j(g) = 184*g - 9005. Give j(49).
11
Let i(g) = 4*g**3 + 1042*g**2 - 539*g - 4433. Determine i(-261).
4
Let z(l) = -474*l - 87220. Calculate z(-184).
-4
Let t(p) = -1091*p + 2161. Calculate t(2).
-21
Let k(o) = 100*o - 595. Determine k(6).
5
Let r(w) = -3020*w - 27146. Determine r(-9).
34
Let y(d) = d**3 + 124*d**2 + 1625*d - 154. Determine y(-15).
-4
Let x(j) = 2*j**2 - 51. What is x(6)?
21
Let l(x) = 2*x**3 - 5*x**2 + 355*x - 1055. Determine l(3).
19
Let x(m) = -m**3 - 37*m**2 + 7*m + 90. Determine x(-37).
-169
Let h(k) = -6*k**2 - 34*k - 11. Determine h(-6).
-23
Let v(k) = k**2 - k - 159. What is v(14)?
23
Let d(n) = 297*n - 11285. Determine d(38).
1
Let y(g) = -g**2 + 59*g + 815. Give y(61).
693
Let c(w) = 5*w**3 + 15*w**2 + 4*w - 4. What is c(-3)?
-16
Let d(m) = -3*m**2 + 49*m - 405. Determine d(11).
-229
Let d(p) = -13*p**2 + 71*p + 1. Give d(5).
31
Let y(l) = -33*l + 75. Give y(-4).
207
Let b(q) = -q**3 + 18*q**2 - 25*q - 198. Calculate b(16).
-86
Let y(h) = -415*h - 5388. Give y(-13).
7
Let q(v) = -2*v**2 - 15*v - 52. Give q(-13).
-195
Let r(p) = 7*p**2 - 15*p + 41. What is r(6)?
203
Let t(y) = y**2 + 36*y - 801. Determine t(17).
100
Let r(u) = 2*u**3 + 23*u**2 + 14*u + 16. Determine r(-11).
-17
Let h(o) = -156*o - 1160. Determine h(-8).
88
Let a(q) = 2*q**3 - 117*q**2 + 44*q + 814. Determine a(58).
2
Let s(a) = -33*a**2 - 9*a - 18. Give s(-3).
-288
Let k(m) = m**3 + 14*m**2 - 24*m - 30. Determine k(-16).
-158
Let q(u) = 12*u - 1170. Calculate q(97).
-6
Let m(a) = -79*a**2 + 5*a - 4. Give m(1).
-78
Let w(r) = -344*r**2 + 12*r - 8. Determine w(1).
-340
Let s(z) = 6*z**3 + 54*z**2 - 134*z + 1. Determine s(-11).
23
Let a(u) = -u**3 + 38*u**2 - 244*u - 796. Calculate a(12).
20
Let g(z) = -3*z**2 + 2*z + 24. Determine g(0).
24
Let i(y) = y**3 + 11*y**2 - 4*y - 18. Determine i(-13).
-304
Let g(w) = 50*w + 858. Calculate g(-13).
208
Let z(b) = 2*b**2 - 73*b + 585. Give z(24).
-15
Let g(t) = -5*t**3 - 24*t**2 + 20*t + 74. What is g(-5)?
-1
Let g(c) = -140*c**3 - 2*c**2 - 26*c - 25. Determine g(-1).
139
Let q(f) = -21*f - 185. Calculate q(-10).
25
Let y(u) = 14*u + 292. Calculate y(5).
362
Let t(u) = 215*u + 25. Determine t(-2).
-405
Let o(x) = x**2 + 57*x - 46. What is o(-58)?
12
Let m(d) = 7*d**2 + 94*d + 116. Give m(-13).
77
Let h(m) = 9*m - 97. What is h(9)?
-16
Let i(z) = -5*z - 58. Determine i(-20).
42
Let c(p) = -3*p**3 + 73*p**2 - 93*p + 26. Determine c(23).
3
Let m(c) = 7*c**3 + 52*c**2 + 9*c + 10. Determine m(-7).
94
Let r(n) = 66*n - 1905. Give r(34).
339
Let w(i) = i**2 + 8*i + 28. What is w(0)?
28
Let s(h) = 21*h + 447. Calculate s(-22).
-15
Let b(z) = -z**2 - 56*z + 6267. Calculate b(56).
-5
Let j(q) = -q**3 - 91*q**2 + 687*q - 2. Calculate j(7).
5
Let g(w) = 8*w**3 + 6*w**2 + 11*w - 4. Calculate g(-2).
-66
Let c(a) = -100*a - 4809. What is c(-48)?
-9
Let v(k) = -25*k**2 - 38*k - 38. Calculate v(3).
-377
Let x(t) = 29*t**2 + 2*t + 2. Determine x(-1).
29
Let w(a) = a**2 + 18*a + 150. What is w(-21)?
213
Let v(c) = -1227*c + 4873. Give v(4).
-35
Let h(j) = 3*j**2 - 605*j + 25505. Determine h(60).
5
Let q(v) = 219*v + 211. Determine q(-1).
-8
Let h(x) = x**3 - 8*x**2 + 38*x - 211. Determine h(7).
6
Let y(k) = -k**2 